{"id":1418,"date":"2025-01-16T16:20:30","date_gmt":"2025-01-16T15:20:30","guid":{"rendered":"https:\/\/sevillacapitaldelaprevencion.com\/sevilla\/?page_id=1418"},"modified":"2025-02-17T12:15:07","modified_gmt":"2025-02-17T11:15:07","slug":"coordinators","status":"publish","type":"page","link":"https:\/\/sevillacapitaldelaprevencion.com\/sevilla\/en\/coordinators\/","title":{"rendered":"Coordinators"},"content":{"rendered":"<div class=\"wpb-content-wrapper\"><p>[vc_row full_width=\u00bbstretch_row\u00bb parallax=\u00bbcontent-moving\u00bb parallax_image=\u00bb109&#8243; css=\u00bb.vc_custom_1526274065361{margin-top: -200px !important;}\u00bb][vc_column][\/vc_column][\/vc_row][vc_row full_width=\u00bbstretch_row\u00bb parallax=\u00bbcontent-moving\u00bb parallax_image=\u00bb270&#8243; el_class=\u00bbwide-100&#8243; el_id=\u00bbspeakers\u00bb][vc_column]<div class=\" section-title\"><h2 class=\"banner-regular white-color\">Coordinadores<\/h2><\/div>[\/vc_column][vc_column]<div class=\"ova_speaker  speakers-section division style1\"><div class=\"row\"><div class=\"col-md-6 col-lg-3  \">\n\t\t\t\t<div class=\"speaker\">\t\t\t\t\t\t\t\t\t\t\t\t\t\t\t\n\n\t\t\t\t\t\t\t\t\t\t\t\n\t\t\t\t\t<a href=\"https:\/\/sevillacapitaldelaprevencion.com\/sevilla\/speaker\/none-12\/\" title=\"Anicet Lavodrama\"><div class=\"hover-overlay\"> \n\t\t\t\t\t\t\t<img decoding=\"async\" class=\"img-fluid\" src=\"https:\/\/sevillacapitaldelaprevencion.com\/sevilla\/wp-content\/uploads\/2025\/01\/ANICET-LAVODRAMA-ONDOMA-1.jpg\" alt=\"Anicet Lavodrama\">\n\t\t\t\t\t\t<\/div><div class=\"speaker-meta m-top-20\"><h5 class=\"h5-lg white-color\">Anicet Lavodrama<\/h5><p class=\" lightgrey-color\">Coordinador internacional\/Moderador<\/p><span class=\" lightgrey-color\">Eventos Internacionales IPTech<\/span><\/div><div class=\"border-box yellow-border\"><\/div><\/a>\n\t\t\t\t\t\t\t\t\t\t\t\t\t\t\t\t\t\t\t\n\t\t\t\t<\/div>\t\t\t\t\t\t\t\t\t\n\t\t\t<\/div><div class=\"col-md-6 col-lg-3  \">\n\t\t\t\t<div class=\"speaker\">\t\t\t\t\t\t\t\t\t\t\t\t\t\t\t\n\n\t\t\t\t\t\t\t\t\t\t\t\n\t\t\t\t\t<a href=\"https:\/\/sevillacapitaldelaprevencion.com\/sevilla\/speaker\/none-11\/\" title=\"Ana Serrano\"><div class=\"hover-overlay\"> \n\t\t\t\t\t\t\t<img decoding=\"async\" class=\"img-fluid\" src=\"https:\/\/sevillacapitaldelaprevencion.com\/sevilla\/wp-content\/uploads\/2025\/01\/ANA-SERRANO.jpg\" alt=\"Ana Serrano\">\n\t\t\t\t\t\t<\/div><div class=\"speaker-meta m-top-20\"><h5 class=\"h5-lg white-color\">Ana Serrano<\/h5><p class=\" lightgrey-color\">Coordinadora<\/p><span class=\" lightgrey-color\"><\/span><\/div><div class=\"border-box yellow-border\"><\/div><\/a>\n\t\t\t\t\t\t\t\t\t\t\t\t\t\t\t\t\t\t\t\n\t\t\t\t<\/div>\t\t\t\t\t\t\t\t\t\n\t\t\t<\/div><div class=\"col-md-6 col-lg-3  \">\n\t\t\t\t<div class=\"speaker\">\t\t\t\t\t\t\t\t\t\t\t\t\t\t\t\n\n\t\t\t\t\t\t\t\t\t\t\t\n\t\t\t\t\t<a href=\"https:\/\/sevillacapitaldelaprevencion.com\/sevilla\/speaker\/none-10\/\" title=\"Lu\u00eds Salgado\"><div class=\"hover-overlay\"> \n\t\t\t\t\t\t\t<img decoding=\"async\" class=\"img-fluid\" src=\"https:\/\/sevillacapitaldelaprevencion.com\/sevilla\/wp-content\/uploads\/2025\/01\/LUIS-SALGADO.jpg\" alt=\"Lu\u00eds Salgado\">\n\t\t\t\t\t\t<\/div><div class=\"speaker-meta m-top-20\"><h5 class=\"h5-lg white-color\">Lu\u00eds Salgado<\/h5><p class=\" lightgrey-color\">Coordinador\/Moderador<\/p><span class=\" lightgrey-color\">Fundaci\u00f3n Laboral de la Construcci\u00f3n CT Cantabria<\/span><\/div><div class=\"border-box yellow-border\"><\/div><\/a>\n\t\t\t\t\t\t\t\t\t\t\t\t\t\t\t\t\t\t\t\n\t\t\t\t<\/div>\t\t\t\t\t\t\t\t\t\n\t\t\t<\/div><div class=\"col-md-6 col-lg-3  \">\n\t\t\t\t<div class=\"speaker\">\t\t\t\t\t\t\t\t\t\t\t\t\t\t\t\n\n\t\t\t\t\t\t\t\t\t\t\t\n\t\t\t\t\t<a href=\"https:\/\/sevillacapitaldelaprevencion.com\/sevilla\/speaker\/none-5\/\" title=\"Enrique C\u00e9sar P\u00e9rez-Lu\u00f1o\"><div class=\"hover-overlay\"> \n\t\t\t\t\t\t\t<img decoding=\"async\" class=\"img-fluid\" src=\"https:\/\/sevillacapitaldelaprevencion.com\/sevilla\/wp-content\/uploads\/2025\/01\/ENRIQUE-PEREZ.jpg\" alt=\"Enrique C\u00e9sar P\u00e9rez-Lu\u00f1o\">\n\t\t\t\t\t\t<\/div><div class=\"speaker-meta m-top-20\"><h5 class=\"h5-lg white-color\">Enrique C\u00e9sar P\u00e9rez-Lu\u00f1o<\/h5><p class=\" lightgrey-color\">Coordinador<\/p><span class=\" lightgrey-color\">Universidad de Sevilla<\/span><\/div><div class=\"border-box yellow-border\"><\/div><\/a>\n\t\t\t\t\t\t\t\t\t\t\t\t\t\t\t\t\t\t\t\n\t\t\t\t<\/div>\t\t\t\t\t\t\t\t\t\n\t\t\t<\/div><\/div><\/div>[\/vc_column][\/vc_row]<\/p>\n<\/div>","protected":false},"excerpt":{"rendered":"<p>[vc_row full_width=\u00bbstretch_row\u00bb parallax=\u00bbcontent-moving\u00bb parallax_image=\u00bb109&#8243; css=\u00bb.vc_custom_1526274065361{margin-top: -200px !important;}\u00bb][vc_column][\/vc_column][\/vc_row][vc_row full_width=\u00bbstretch_row\u00bb parallax=\u00bbcontent-moving\u00bb parallax_image=\u00bb270&#8243; el_class=\u00bbwide-100&#8243; el_id=\u00bbspeakers\u00bb][vc_column][\/vc_column][vc_column][\/vc_column][\/vc_row]<\/p>\n","protected":false},"author":1,"featured_media":0,"parent":0,"menu_order":0,"comment_status":"closed","ping_status":"closed","template":"templates\/home_template.php","meta":{"_monsterinsights_skip_tracking":false,"_monsterinsights_sitenote_active":false,"_monsterinsights_sitenote_note":"","_monsterinsights_sitenote_category":0,"footnotes":""},"class_list":["post-1418","page","type-page","status-publish","hentry"],"aioseo_notices":[],"_links":{"self":[{"href":"https:\/\/sevillacapitaldelaprevencion.com\/sevilla\/wp-json\/wp\/v2\/pages\/1418","targetHints":{"allow":["GET"]}}],"collection":[{"href":"https:\/\/sevillacapitaldelaprevencion.com\/sevilla\/wp-json\/wp\/v2\/pages"}],"about":[{"href":"https:\/\/sevillacapitaldelaprevencion.com\/sevilla\/wp-json\/wp\/v2\/types\/page"}],"author":[{"embeddable":true,"href":"https:\/\/sevillacapitaldelaprevencion.com\/sevilla\/wp-json\/wp\/v2\/users\/1"}],"replies":[{"embeddable":true,"href":"https:\/\/sevillacapitaldelaprevencion.com\/sevilla\/wp-json\/wp\/v2\/comments?post=1418"}],"version-history":[{"count":3,"href":"https:\/\/sevillacapitaldelaprevencion.com\/sevilla\/wp-json\/wp\/v2\/pages\/1418\/revisions"}],"predecessor-version":[{"id":2123,"href":"https:\/\/sevillacapitaldelaprevencion.com\/sevilla\/wp-json\/wp\/v2\/pages\/1418\/revisions\/2123"}],"wp:attachment":[{"href":"https:\/\/sevillacapitaldelaprevencion.com\/sevilla\/wp-json\/wp\/v2\/media?parent=1418"}],"curies":[{"name":"wp","href":"https:\/\/api.w.org\/{rel}","templated":true}]}}